{"id":29079,"date":"2021-09-08T21:16:22","date_gmt":"2021-09-09T01:16:22","guid":{"rendered":"https:\/\/tclgdev.wpenginepowered.com\/podcast\/the-legal-zone-s1e5-non-compete-agreements-under-biden-administration\/"},"modified":"2026-03-09T12:47:43","modified_gmt":"2026-03-09T16:47:43","slug":"la-zona-legal-s1e5-acuerdos-de-no-competencia-bajo-la-administracion-biden","status":"publish","type":"podcast","link":"https:\/\/tclgfirm.com\/es\/podcast\/the-legal-zone-s1e5-non-compete-agreements-under-biden-administration\/","title":{"rendered":"La Zona Legal (S1:E5): Acuerdos de no competencia bajo la administraci\u00f3n Biden"},"content":{"rendered":"<p><iframe loading=\"lazy\" title=\"La Zona Legal (Temporada 1, Episodio 5): Acuerdos de no competencia bajo la administraci\u00f3n Biden\" width=\"1080\" height=\"608\" src=\"https:\/\/www.youtube.com\/embed\/k2OuKrYwgOY?feature=oembed\"  allow=\"accelerometer; autoplay; clipboard-write; encrypted-media; gyroscope; picture-in-picture; web-share\" referrerpolicy=\"strict-origin-when-cross-origin\" allowfullscreen><\/iframe><\/p>\n<p>En el Episodio 5 de la Temporada 1 de The Legal Zone, la abogada Regina M. Campbell, de The Campbell Law Group, discute informaci\u00f3n pertinente sobre los Acuerdos de No Competencia bajo la Administraci\u00f3n Biden. En The Campbell Law Group P.A., al representar a clientes en asuntos civiles, corporativos, comerciales, laborales o de derecho de familia, el objetivo principal de nuestra empresa es, en primer lugar, ayudar a los clientes a minimizar la necesidad de litigios y conflictos innecesarios siempre que sea posible. Si el litigio es necesario, nuestra empresa est\u00e1 m\u00e1s que capacitada para representarle a usted o a los intereses de su empresa y ayudarle a conseguir un resultado justo mientras le guiamos a usted, a su familia y a su empresa a trav\u00e9s de las dificultades que conlleva un litigio. Este canal ha sido creado para proporcionar informaci\u00f3n valiosa con respecto a ciertas \u00e1reas de la ley que ser\u00eda \u00fatil para el p\u00fablico.<\/p>","protected":false},"excerpt":{"rendered":"<p>En el episodio 5 de la temporada 1 de The Legal Zone, la abogada Regina M. Campbell, de The Campbell Law Group, analiza informaci\u00f3n relevante sobre los acuerdos de no competencia bajo la administraci\u00f3n Biden.<\/p>","protected":false},"featured_media":29080,"template":"","format":"standard","meta":{"_acf_changed":false},"categories":[7,12,49,50],"tags":[63],"class_list":["post-29079","podcast","type-podcast","status-publish","format-standard","has-post-thumbnail","hentry","category-business-and-commercial-transactions","category-employment-law-employer-based-representation","category-podcasts","category-the-legal-zone-podcast","tag-the-legal-zone-podcast"],"acf":[],"yoast_head":"<!-- This site is optimized with the Yoast SEO Premium plugin v27.5 (Yoast SEO v27.5) - https:\/\/yoast.com\/product\/yoast-seo-premium-wordpress\/ -->\n<title>The Legal Zone (S1:E5): Non-Compete Agreements Under Biden Administration - TCLG - The Campbell Law Group<\/title>\n<meta name=\"robots\" content=\"index, follow, max-snippet:-1, max-image-preview:large, max-video-preview:-1\" \/>\n<link rel=\"canonical\" href=\"https:\/\/tclgfirm.com\/es\/podcast\/la-zona-legal-s1e5-acuerdos-de-no-competencia-bajo-la-administracion-biden\/\" \/>\n<meta property=\"og:locale\" content=\"es_MX\" \/>\n<meta property=\"og:type\" content=\"article\" \/>\n<meta property=\"og:title\" content=\"The Legal Zone (S1:E5): Non-Compete Agreements Under Biden Administration\" \/>\n<meta property=\"og:description\" content=\"In Episode 5 of Season 1 of The Legal Zone, attorney Regina M. Campbell, of The Campbell Law Group, discusses pertinent information on Non-Compete Agreements under the Biden Administration.\" \/>\n<meta property=\"og:url\" content=\"https:\/\/tclgfirm.com\/es\/podcast\/la-zona-legal-s1e5-acuerdos-de-no-competencia-bajo-la-administracion-biden\/\" \/>\n<meta property=\"og:site_name\" content=\"TCLG - The Campbell Law Group\" \/>\n<meta property=\"article:publisher\" content=\"https:\/\/www.facebook.com\/businessattorneymiami\/\" \/>\n<meta property=\"article:modified_time\" content=\"2026-03-09T16:47:43+00:00\" \/>\n<meta property=\"og:image\" content=\"https:\/\/tclgfirm.com\/wp-content\/uploads\/2025\/10\/the-legal-zone-season-1-episode-5-non-compete-agreements-under-biden-administration-k2OuKrYwgOY.jpg\" \/>\n\t<meta property=\"og:image:width\" content=\"1280\" \/>\n\t<meta property=\"og:image:height\" content=\"720\" \/>\n\t<meta property=\"og:image:type\" content=\"image\/jpeg\" \/>\n<meta name=\"twitter:card\" content=\"summary_large_image\" \/>\n<meta name=\"twitter:site\" content=\"@Campbelllawgrp\" \/>\n<meta name=\"twitter:label1\" content=\"Est. reading time\" \/>\n\t<meta name=\"twitter:data1\" content=\"1 minuto\" \/>\n<script type=\"application\/ld+json\" class=\"yoast-schema-graph\">{\"@context\":\"https:\\\/\\\/schema.org\",\"@graph\":[{\"@type\":\"WebPage\",\"@id\":\"https:\\\/\\\/tclgfirm.com\\\/podcast\\\/the-legal-zone-s1e5-non-compete-agreements-under-biden-administration\\\/\",\"url\":\"https:\\\/\\\/tclgfirm.com\\\/podcast\\\/the-legal-zone-s1e5-non-compete-agreements-under-biden-administration\\\/\",\"name\":\"The Legal Zone (S1:E5): Non-Compete Agreements Under Biden Administration - TCLG - The Campbell Law Group\",\"isPartOf\":{\"@id\":\"https:\\\/\\\/tclgfirm.com\\\/#website\"},\"primaryImageOfPage\":{\"@id\":\"https:\\\/\\\/tclgfirm.com\\\/podcast\\\/the-legal-zone-s1e5-non-compete-agreements-under-biden-administration\\\/#primaryimage\"},\"image\":{\"@id\":\"https:\\\/\\\/tclgfirm.com\\\/podcast\\\/the-legal-zone-s1e5-non-compete-agreements-under-biden-administration\\\/#primaryimage\"},\"thumbnailUrl\":\"https:\\\/\\\/tclgfirm.com\\\/wp-content\\\/uploads\\\/2025\\\/10\\\/the-legal-zone-season-1-episode-5-non-compete-agreements-under-biden-administration-k2OuKrYwgOY.jpg\",\"datePublished\":\"2021-09-09T01:16:22+00:00\",\"dateModified\":\"2026-03-09T16:47:43+00:00\",\"breadcrumb\":{\"@id\":\"https:\\\/\\\/tclgfirm.com\\\/podcast\\\/the-legal-zone-s1e5-non-compete-agreements-under-biden-administration\\\/#breadcrumb\"},\"inLanguage\":\"es\",\"potentialAction\":[{\"@type\":\"ReadAction\",\"target\":[\"https:\\\/\\\/tclgfirm.com\\\/podcast\\\/the-legal-zone-s1e5-non-compete-agreements-under-biden-administration\\\/\"]}]},{\"@type\":\"ImageObject\",\"inLanguage\":\"es\",\"@id\":\"https:\\\/\\\/tclgfirm.com\\\/podcast\\\/the-legal-zone-s1e5-non-compete-agreements-under-biden-administration\\\/#primaryimage\",\"url\":\"https:\\\/\\\/tclgfirm.com\\\/wp-content\\\/uploads\\\/2025\\\/10\\\/the-legal-zone-season-1-episode-5-non-compete-agreements-under-biden-administration-k2OuKrYwgOY.jpg\",\"contentUrl\":\"https:\\\/\\\/tclgfirm.com\\\/wp-content\\\/uploads\\\/2025\\\/10\\\/the-legal-zone-season-1-episode-5-non-compete-agreements-under-biden-administration-k2OuKrYwgOY.jpg\",\"width\":1280,\"height\":720},{\"@type\":\"BreadcrumbList\",\"@id\":\"https:\\\/\\\/tclgfirm.com\\\/podcast\\\/the-legal-zone-s1e5-non-compete-agreements-under-biden-administration\\\/#breadcrumb\",\"itemListElement\":[{\"@type\":\"ListItem\",\"position\":1,\"name\":\"Home\",\"item\":\"https:\\\/\\\/tclgfirm.com\\\/\"},{\"@type\":\"ListItem\",\"position\":2,\"name\":\"The Legal Zone (S1:E5): Non-Compete Agreements Under Biden Administration\"}]},{\"@type\":\"WebSite\",\"@id\":\"https:\\\/\\\/tclgfirm.com\\\/#website\",\"url\":\"https:\\\/\\\/tclgfirm.com\\\/\",\"name\":\"TCLG Business & Corporate Law\",\"description\":\"Business &amp; Corporate Law\",\"publisher\":{\"@id\":\"https:\\\/\\\/tclgfirm.com\\\/#organization\"},\"potentialAction\":[{\"@type\":\"SearchAction\",\"target\":{\"@type\":\"EntryPoint\",\"urlTemplate\":\"https:\\\/\\\/tclgfirm.com\\\/?s={search_term_string}\"},\"query-input\":{\"@type\":\"PropertyValueSpecification\",\"valueRequired\":true,\"valueName\":\"search_term_string\"}}],\"inLanguage\":\"es\"},{\"@type\":\"Organization\",\"@id\":\"https:\\\/\\\/tclgfirm.com\\\/#organization\",\"name\":\"The Campbell Law Group\",\"alternateName\":\"TCLG\",\"url\":\"https:\\\/\\\/tclgfirm.com\\\/\",\"logo\":{\"@type\":\"ImageObject\",\"inLanguage\":\"es\",\"@id\":\"https:\\\/\\\/tclgfirm.com\\\/#\\\/schema\\\/logo\\\/image\\\/\",\"url\":\"https:\\\/\\\/tclgfirm.com\\\/wp-content\\\/uploads\\\/2025\\\/11\\\/logo-yoast.png\",\"contentUrl\":\"https:\\\/\\\/tclgfirm.com\\\/wp-content\\\/uploads\\\/2025\\\/11\\\/logo-yoast.png\",\"width\":696,\"height\":696,\"caption\":\"The Campbell Law Group\"},\"image\":{\"@id\":\"https:\\\/\\\/tclgfirm.com\\\/#\\\/schema\\\/logo\\\/image\\\/\"},\"sameAs\":[\"https:\\\/\\\/www.facebook.com\\\/businessattorneymiami\\\/\",\"https:\\\/\\\/x.com\\\/Campbelllawgrp\"]}]}<\/script>\n<!-- \/ Yoast SEO Premium plugin. -->","yoast_head_json":{"title":"The Legal Zone (S1:E5): Acuerdos de no competencia bajo la administraci\u00f3n Biden - TCLG - The Campbell Law Group","robots":{"index":"index","follow":"follow","max-snippet":"max-snippet:-1","max-image-preview":"max-image-preview:large","max-video-preview":"max-video-preview:-1"},"canonical":"https:\/\/tclgfirm.com\/es\/podcast\/la-zona-legal-s1e5-acuerdos-de-no-competencia-bajo-la-administracion-biden\/","og_locale":"es_MX","og_type":"article","og_title":"The Legal Zone (S1:E5): Non-Compete Agreements Under Biden Administration","og_description":"In Episode 5 of Season 1 of The Legal Zone, attorney Regina M. Campbell, of The Campbell Law Group, discusses pertinent information on Non-Compete Agreements under the Biden Administration.","og_url":"https:\/\/tclgfirm.com\/es\/podcast\/la-zona-legal-s1e5-acuerdos-de-no-competencia-bajo-la-administracion-biden\/","og_site_name":"TCLG - The Campbell Law Group","article_publisher":"https:\/\/www.facebook.com\/businessattorneymiami\/","article_modified_time":"2026-03-09T16:47:43+00:00","og_image":[{"width":1280,"height":720,"url":"https:\/\/tclgfirm.com\/wp-content\/uploads\/2025\/10\/the-legal-zone-season-1-episode-5-non-compete-agreements-under-biden-administration-k2OuKrYwgOY.jpg","type":"image\/jpeg"}],"twitter_card":"summary_large_image","twitter_site":"@Campbelllawgrp","twitter_misc":{"Est. reading time":"1 minuto"},"schema":{"@context":"https:\/\/schema.org","@graph":[{"@type":"WebPage","@id":"https:\/\/tclgfirm.com\/podcast\/the-legal-zone-s1e5-non-compete-agreements-under-biden-administration\/","url":"https:\/\/tclgfirm.com\/podcast\/the-legal-zone-s1e5-non-compete-agreements-under-biden-administration\/","name":"The Legal Zone (S1:E5): Acuerdos de no competencia bajo la administraci\u00f3n Biden - TCLG - The Campbell Law Group","isPartOf":{"@id":"https:\/\/tclgfirm.com\/#website"},"primaryImageOfPage":{"@id":"https:\/\/tclgfirm.com\/podcast\/the-legal-zone-s1e5-non-compete-agreements-under-biden-administration\/#primaryimage"},"image":{"@id":"https:\/\/tclgfirm.com\/podcast\/the-legal-zone-s1e5-non-compete-agreements-under-biden-administration\/#primaryimage"},"thumbnailUrl":"https:\/\/tclgfirm.com\/wp-content\/uploads\/2025\/10\/the-legal-zone-season-1-episode-5-non-compete-agreements-under-biden-administration-k2OuKrYwgOY.jpg","datePublished":"2021-09-09T01:16:22+00:00","dateModified":"2026-03-09T16:47:43+00:00","breadcrumb":{"@id":"https:\/\/tclgfirm.com\/podcast\/the-legal-zone-s1e5-non-compete-agreements-under-biden-administration\/#breadcrumb"},"inLanguage":"es","potentialAction":[{"@type":"ReadAction","target":["https:\/\/tclgfirm.com\/podcast\/the-legal-zone-s1e5-non-compete-agreements-under-biden-administration\/"]}]},{"@type":"ImageObject","inLanguage":"es","@id":"https:\/\/tclgfirm.com\/podcast\/the-legal-zone-s1e5-non-compete-agreements-under-biden-administration\/#primaryimage","url":"https:\/\/tclgfirm.com\/wp-content\/uploads\/2025\/10\/the-legal-zone-season-1-episode-5-non-compete-agreements-under-biden-administration-k2OuKrYwgOY.jpg","contentUrl":"https:\/\/tclgfirm.com\/wp-content\/uploads\/2025\/10\/the-legal-zone-season-1-episode-5-non-compete-agreements-under-biden-administration-k2OuKrYwgOY.jpg","width":1280,"height":720},{"@type":"BreadcrumbList","@id":"https:\/\/tclgfirm.com\/podcast\/the-legal-zone-s1e5-non-compete-agreements-under-biden-administration\/#breadcrumb","itemListElement":[{"@type":"ListItem","position":1,"name":"Home","item":"https:\/\/tclgfirm.com\/"},{"@type":"ListItem","position":2,"name":"The Legal Zone (S1:E5): Non-Compete Agreements Under Biden Administration"}]},{"@type":"WebSite","@id":"https:\/\/tclgfirm.com\/#website","url":"https:\/\/tclgfirm.com\/","name":"Derecho mercantil y corporativo de TCLG","description":"Derecho mercantil y corporativo","publisher":{"@id":"https:\/\/tclgfirm.com\/#organization"},"potentialAction":[{"@type":"SearchAction","target":{"@type":"EntryPoint","urlTemplate":"https:\/\/tclgfirm.com\/?s={search_term_string}"},"query-input":{"@type":"PropertyValueSpecification","valueRequired":true,"valueName":"search_term_string"}}],"inLanguage":"es"},{"@type":"Organization","@id":"https:\/\/tclgfirm.com\/#organization","name":"El Grupo Jur\u00eddico Campbell","alternateName":"TCLG","url":"https:\/\/tclgfirm.com\/","logo":{"@type":"ImageObject","inLanguage":"es","@id":"https:\/\/tclgfirm.com\/#\/schema\/logo\/image\/","url":"https:\/\/tclgfirm.com\/wp-content\/uploads\/2025\/11\/logo-yoast.png","contentUrl":"https:\/\/tclgfirm.com\/wp-content\/uploads\/2025\/11\/logo-yoast.png","width":696,"height":696,"caption":"The Campbell Law Group"},"image":{"@id":"https:\/\/tclgfirm.com\/#\/schema\/logo\/image\/"},"sameAs":["https:\/\/www.facebook.com\/businessattorneymiami\/","https:\/\/x.com\/Campbelllawgrp"]}]}},"_links":{"self":[{"href":"https:\/\/tclgfirm.com\/es\/wp-json\/wp\/v2\/podcast\/29079","targetHints":{"allow":["GET"]}}],"collection":[{"href":"https:\/\/tclgfirm.com\/es\/wp-json\/wp\/v2\/podcast"}],"about":[{"href":"https:\/\/tclgfirm.com\/es\/wp-json\/wp\/v2\/types\/podcast"}],"wp:featuredmedia":[{"embeddable":true,"href":"https:\/\/tclgfirm.com\/es\/wp-json\/wp\/v2\/media\/29080"}],"wp:attachment":[{"href":"https:\/\/tclgfirm.com\/es\/wp-json\/wp\/v2\/media?parent=29079"}],"wp:term":[{"taxonomy":"category","embeddable":true,"href":"https:\/\/tclgfirm.com\/es\/wp-json\/wp\/v2\/categories?post=29079"},{"taxonomy":"post_tag","embeddable":true,"href":"https:\/\/tclgfirm.com\/es\/wp-json\/wp\/v2\/tags?post=29079"}],"curies":[{"name":"wp","href":"https:\/\/api.w.org\/{rel}","templated":true}]}}

La Zona Legal (S1:E5): Acuerdos de no competencia bajo la administración Biden

<p><iframe loading="lazy" title="La Zona Legal (Temporada 1, Episodio 5): Acuerdos de no competencia bajo la administración Biden" width="1080" height="608" src="https://www.youtube.com/embed/k2OuKrYwgOY?feature=oembed"  allow="accelerometer; autoplay; clipboard-write; encrypted-media; gyroscope; picture-in-picture; web-share" referrerpolicy="strict-origin-when-cross-origin" allowfullscreen></iframe></p>
<p>En el Episodio 5 de la Temporada 1 de The Legal Zone, la abogada Regina M. Campbell, de The Campbell Law Group, discute información pertinente sobre los Acuerdos de No Competencia bajo la Administración Biden. En The Campbell Law Group P.A., al representar a clientes en asuntos civiles, corporativos, comerciales, laborales o de derecho de familia, el objetivo principal de nuestra empresa es, en primer lugar, ayudar a los clientes a minimizar la necesidad de litigios y conflictos innecesarios siempre que sea posible. Si el litigio es necesario, nuestra empresa está más que capacitada para representarle a usted o a los intereses de su empresa y ayudarle a conseguir un resultado justo mientras le guiamos a usted, a su familia y a su empresa a través de las dificultades que conlleva un litigio. Este canal ha sido creado para proporcionar información valiosa con respecto a ciertas áreas de la ley que sería útil para el público.</p>

<p>En el episodio 5 de la temporada 1 de The Legal Zone, la abogada Regina M. Campbell, de The Campbell Law Group, analiza información relevante sobre los acuerdos de no competencia bajo la administración Biden.</p>

The Legal Zone (S1:E5): Acuerdos de no competencia bajo la administración Biden - TCLG - The Campbell Law Group

El Grupo Jurídico Campbell
